d 4?
4
What is the highest common factor of 2026068 and 132?
132
Calculate the highest common divisor of 2736082 and 34.
34
What is the highest common divisor of 229431840 and 1440?
480
What is the highest common factor of 166912 and 1856?
64
What is the highest common factor of 1155 and 7133?
7
What is the greatest common factor of 7620483 and 499278?
1443
What is the greatest common divisor of 90415 and 11635?
65
What is the greatest common divisor of 4267865772 and 214?
214
What is the highest common factor of 701 and 26687771?
701
Calculate the highest common divisor of 5884 and 3814.
2
Calculate the highest common divisor of 11610 and 1367271.
387
What is the highest common factor of 4750 and 459876?
38
Calculate the greatest common factor of 220345 and 1685.
5
What is the greatest common divisor of 777 and 52531416?
777
Calculate the highest common divisor of 86037 and 10703.
7
Calculate the highest common divisor of 14112 and 3776634.
18
What is the greatest common divisor of 5 and 2034640460?
5
Calculate the greatest common factor of 39198 and 58936.
278
What is the greatest common divisor of 47082 and 3526194?
2478
Calculate the greatest common divisor of 40862475 and 45.
45
What is the greatest common factor of 5301 and 54321?
57
What is the greatest common factor of 4577895 and 1071?
63
What is the highest common divisor of 1239 and 389907?
21
Calculate the greatest common factor of 43840 and 904.
8
Calculate the highest common divisor of 16 and 55216688.
16
Calculate the highest common divisor of 1 and 29005201.
1
Calculate the highest common factor of 198 and 2037402.
18
Calculate the highest common divisor of 117079 and 202827.
1649
Calculate the greatest common factor of 553 and 181961569.
79
What is the highest common divisor of 2832 and 94990?
118
What is the greatest common divisor of 4972600 and 8510?
230
Calculate the highest common divisor of 8198164 and 78.
26
Calculate the highest common factor of 640 and 454881408.
128
Calculate the highest common divisor of 84013060 and 152.
76
What is the highest common factor of 292540 and 35300?
20
Calculate the highest common divisor of 23378885 and 7740.
215
Calculate the highest common divisor of 1911181870 and 78.
26
Calculate the greatest common divisor of 411288387 and 3.
3
What is the greatest common divisor of 1515 and 41573620?
505
Calculate the greatest common divisor of 49 and 141861300.
7
Calculate the highest common divisor of 24873210 and 540.
270
What is the greatest common divisor of 1596836 and 500?
4
Calculate the greatest common factor of 270 and 1094430.
30
Calculate the greatest common divisor of 104 and 323888.
8
Calculate the highest common factor of 18469 and 323899248.
1679
Calculate the greatest common factor of 8060956 and 145.
29
What is the highest common divisor of 30744 and 12116916?
252
Calculate the highest common factor of 29382 and 291696.
354
Calculate the greatest common divisor of 10967 and 293744.
11
What is the highest common factor of 7003714 and 2603?
137
What is the greatest common divisor of 128 and 184218752?
128
What is the greatest common divisor of 7 and 495648?
1
Calculate the greatest common divisor of 42 and 574971.
3
What is the greatest common factor of 30 and 195868730?
10
Calculate the highest common divisor of 3243 and 236481.
3
What is the highest common divisor of 3968972 and 1781107?
6163
What is the highest common divisor of 162747 and 105609?
321
Calculate the highest common factor of 501 and 7796061.
501
Calculate the greatest common factor of 112316622 and 18.
6
What is the highest common divisor of 141846 and 7614?
282
Calculate the greatest common factor of 8574503 and 2086.
1043
Calculate the greatest common divisor of 2553734 and 38.
2
Calculate the greatest common divisor of 670446 and 9333.
153
Calculate the greatest common divisor of 9589 and 20962.
223
What is the highest common divisor of 4623913 and 2401?
7
Calculate the highest common divisor of 86 and 1293149836.
86
What is the greatest common factor of 332 and 17568610?
166
What is the highest common factor of 2044 and 276350333?
511
Calculate the highest common factor of 638306 and 174722.
878
What is the highest common divisor of 126074 and 1264458?
338
Calculate the greatest common divisor of 13807425 and 470.
235
What is the highest common factor of 21250397 and 7?
7
Calculate the highest common factor of 118474 and 6820260.
3202
What is the greatest common factor of 5 and 182563680?
5
Calculate the greatest common divisor of 109209 and 585516.
177
Calculate the greatest common divisor of 62554420 and 14800.
740
What is the highest common factor of 13103689 and 852?
71
Calculate the greatest common factor of 1363570 and 505920.
170
What is the highest common divisor of 823922 and 4862?
374
Calculate the greatest common factor of 914204 and 1444.
76
What is the highest common divisor of 167300094 and 1768?
442
Calculate the greatest common factor of 6945 and 51631445.
2315
What is the highest common divisor of 297 and 2260323?
9
Calculate the highest common factor of 630424 and 2104.
8
What is the greatest common factor of 2338 and 307874?
14
Calculate the highest common factor of 203497 and 2023.
7
Calculate the highest common factor of 362 and 75557545.
181
What is the highest common divisor of 43679872 and 2552192?
16256
Calculate the greatest common divisor of 477963937 and 902.
451
Calculate the greatest common divisor of 7385 and 14843255.
35
Calculate the highest common factor of 715575 and 431977.
329
Calculate the greatest common factor of 893962 and 2788.
34
What is the highest common divisor of 18304 and 11170276?
52
What is the greatest common divisor of 432 and 86456?
8
What is the highest common factor of 82745590 and 10?
10
What is the highest common divisor of 1285959 and 6?
3
What is the greatest common divisor of 2128903 and 231?
7
What is the greatest common divisor of 749 and 5176773?
7
Calculate the highest common factor of 1283 and 357421989.
1283
What is the highest common factor of 1305 and 2915130?
15
What is the greatest common divisor of 11297 and 3994793?
869
Calculate the greatest common divisor of 1963 and 31804253.
13
Calculate the highest common divisor of 600780 and 57846.
186
What is the highest common divisor of 2350516 and 10556?
28
Calculate the highest common factor of 61355235 and 15.
15
Calculate the highest common factor of 7199812 and 372.
124
Calculate the highest common divisor of 1 and 17419.
1
Calculate the greatest common divisor of 953215 and 383125.
3065
Calculate the greatest common divisor of 80808 and 553098.
546
Calculate the greatest common divisor of 545 and 605955.
5
What is the greatest common factor of 1240 and 3550780?
20
Calculate the highest common divisor of 1917 and 120609759.
213
What is the highest common factor of 17160 and 104540436?
1716
What is the greatest common factor of 13636764 and 36654?
246
What is the highest common divisor of 2048 and 12947072?
128
What is the highest common factor of 2021158 and 12?
2
What is the greatest common factor of 43560503 and 2786?
1393
Calculate the highest common divisor of 5135 and 75374611.
1027
What is the highest common factor of 3225 and 134115?
15
Calculate the highest common factor of 11341495 and 3025.
55
Calculate the highest common factor of 27105526 and 98.
98
What is the highest common divisor of 2503784 and 6862?
94
What is the highest common divisor of 590 and 8881211?
59
Calculate the highest common divisor of 785252 and 1248.
52
What is the highest common factor of 2777831 and 7?
7
What is the greatest common factor of 234 and 24064014?
78
Calculate the highest common factor of 38 and 34972901.
19
What is the greatest common divisor of 316305 and 78804?
99
Calculate the highest common divisor of 2685236 and 43836.
1124
What is the greatest common factor of 18657 and 2607834?
2073
What is the greatest common divisor of 1042724 and 8468?
116
What is the highest common divisor of 22134 and 252154?
434
What is the greatest common divisor of 50440 and 117758?
194
What is the highest common divisor of 9069 and 389?
1
Calculate the greatest common factor of 834 and 35389678.
278
Calculate the highest common divisor of 1893429 and 463887